{"id":1266,"date":"2022-09-20T23:03:30","date_gmt":"2022-09-20T21:03:30","guid":{"rendered":"https:\/\/www.wieserphoto.de\/?post_type=portfolio&#038;p=1266"},"modified":"2022-09-25T18:01:33","modified_gmt":"2022-09-25T16:01:33","slug":"alles-ist-dialog","status":"publish","type":"portfolio","link":"https:\/\/www.wieserphoto.de\/?portfolio=alles-ist-dialog","title":{"rendered":"Alles ist Dialog"},"content":{"rendered":"\n<p>Dialoge finden \u00fcberall statt in den Spiegelungen: Objekte vor und hinter der Kamera oder um mehrere Ecken herum, Innen- und Au\u00dfenr\u00e4ume, Natur und Stadt und immer Menschen mit dabei und Teil des Ganzen. Und nat\u00fcrlich das Licht. Es spielt die Hauptrolle; ohne Licht findet keine Reflektion statt, keine Durchdringung der Perspektiven, w\u00e4re der Raum nicht erweitert oder gar ein neuer Raum geschaffen allein durch das Licht in einem bestimmten Augenblick.<\/p>\n\n\n\n<p><\/p>\n","protected":false},"excerpt":{"rendered":"<p>Dialoge finden \u00fcberall statt in den Spiegelungen: Objekte vor und hinter der Kamera oder um mehrere Ecken herum, Innen- und Au\u00dfenr\u00e4ume, Natur und Stadt und immer Menschen mit dabei und Teil des Ganzen. Und nat\u00fcrlich das Licht. Es spielt die &hellip; <a href=\"https:\/\/www.wieserphoto.de\/?portfolio=alles-ist-dialog\">Weiter<\/a><\/p>\n","protected":false},"author":1,"featured_media":0,"menu_order":1,"comment_status":"closed","ping_status":"closed","template":"","meta":{"kt_blocks_editor_width":""},"portfolio-type":[19],"class_list":["post-1266","portfolio","type-portfolio","status-publish","hentry","portfolio-type-portfolio-grid"],"_links":{"self":[{"href":"https:\/\/www.wieserphoto.de\/index.php?rest_route=\/wp\/v2\/portfolio\/1266","targetHints":{"allow":["GET"]}}],"collection":[{"href":"https:\/\/www.wieserphoto.de\/index.php?rest_route=\/wp\/v2\/portfolio"}],"about":[{"href":"https:\/\/www.wieserphoto.de\/index.php?rest_route=\/wp\/v2\/types\/portfolio"}],"author":[{"embeddable":true,"href":"https:\/\/www.wieserphoto.de\/index.php?rest_route=\/wp\/v2\/users\/1"}],"replies":[{"embeddable":true,"href":"https:\/\/www.wieserphoto.de\/index.php?rest_route=%2Fwp%2Fv2%2Fcomments&post=1266"}],"wp:attachment":[{"href":"https:\/\/www.wieserphoto.de\/index.php?rest_route=%2Fwp%2Fv2%2Fmedia&parent=1266"}],"wp:term":[{"taxonomy":"portfolio-type","embeddable":true,"href":"https:\/\/www.wieserphoto.de\/index.php?rest_route=%2Fwp%2Fv2%2Fportfolio-type&post=1266"}],"curies":[{"name":"wp","href":"https:\/\/api.w.org\/{rel}","templated":true}]}}

<p>Dialoge finden überall statt in den Spiegelungen: Objekte vor und hinter der Kamera oder um mehrere Ecken herum, Innen- und Außenräume, Natur und Stadt und immer Menschen mit dabei und Teil des Ganzen. Und natürlich das Licht. Es spielt die Hauptrolle; ohne Licht findet keine Reflektion statt, keine Durchdringung der Perspektiven, wäre der Raum nicht erweitert oder gar ein neuer Raum geschaffen allein durch das Licht in einem bestimmten Augenblick.</p>



<p></p>

<p>Dialoge finden überall statt in den Spiegelungen: Objekte vor und hinter der Kamera oder um mehrere Ecken herum, Innen- und Außenräume, Natur und Stadt und immer Menschen mit dabei und Teil des Ganzen. Und natürlich das Licht. Es spielt die &hellip; <a href="https://www.wieserphoto.de/?portfolio=alles-ist-dialog">Weiter</a></p>
