{"id":1317,"date":"2024-08-24T22:37:59","date_gmt":"2024-08-24T20:37:59","guid":{"rendered":"https:\/\/www.wieserphoto.de\/?page_id=1317"},"modified":"2024-09-17T23:01:13","modified_gmt":"2024-09-17T21:01:13","slug":"vielfalt-leben","status":"publish","type":"page","link":"https:\/\/www.wieserphoto.de\/?page_id=1317","title":{"rendered":"Vielfalt leben"},"content":{"rendered":"\n<p><\/p><p><\/p><p><strong>Vielfalt leben hei\u00dft Unterschiede willkommen hei\u00dfen.<\/strong><\/p><strong>Unterschiede im Alter, den Geschlechtern, der Herkunft und Sprache, den Religionen.<\/strong>\n\n\n\n<figure class=\"wp-block-image size-large\"><a href=\"https:\/\/www.wieserphoto.de\/wp-content\/uploads\/2023\/03\/klatschen-und-malen-1-scaled.jpg\"><img loading=\"lazy\" decoding=\"async\" width=\"1024\" height=\"687\" src=\"https:\/\/www.wieserphoto.de\/wp-content\/uploads\/2023\/03\/klatschen-und-malen-1-1024x687.jpg\" alt=\"\" class=\"wp-image-1312\" srcset=\"https:\/\/www.wieserphoto.de\/wp-content\/uploads\/2023\/03\/klatschen-und-malen-1-1024x687.jpg 1024w, https:\/\/www.wieserphoto.de\/wp-content\/uploads\/2023\/03\/klatschen-und-malen-1-300x201.jpg 300w, https:\/\/www.wieserphoto.de\/wp-content\/uploads\/2023\/03\/klatschen-und-malen-1-768x515.jpg 768w, https:\/\/www.wieserphoto.de\/wp-content\/uploads\/2023\/03\/klatschen-und-malen-1-1536x1031.jpg 1536w, https:\/\/www.wieserphoto.de\/wp-content\/uploads\/2023\/03\/klatschen-und-malen-1-scaled.jpg 1920w\" sizes=\"auto, (max-width: 1024px) 100vw, 1024px\" \/><\/a><\/figure>\n\n\n\n<p>&nbsp;Klatschen und Malen<\/p>\n\n\n\n<p><style>\/*! elementor - v3.23.0 - 05-08-2024 *\/<br \/>\n.elementor-widget-image{text-align:center}.elementor-widget-image a{display:inline-block}.elementor-widget-image a img[src$=\".svg\"]{width:48px}.elementor-widget-image img{vertical-align:middle;display:inline-block}<\/style><\/p>\n\n\n<div class=\"wp-block-image\">\n<figure class=\"aligncenter size-large\"><a href=\"https:\/\/www.wieserphoto.de\/wp-content\/uploads\/2023\/03\/tanzen-und-quatschen-1-scaled.jpg\"><img loading=\"lazy\" decoding=\"async\" width=\"1024\" height=\"724\" src=\"https:\/\/www.wieserphoto.de\/wp-content\/uploads\/2023\/03\/tanzen-und-quatschen-1-1024x724.jpg\" alt=\"\" class=\"wp-image-1311\" srcset=\"https:\/\/www.wieserphoto.de\/wp-content\/uploads\/2023\/03\/tanzen-und-quatschen-1-1024x724.jpg 1024w, https:\/\/www.wieserphoto.de\/wp-content\/uploads\/2023\/03\/tanzen-und-quatschen-1-300x212.jpg 300w, https:\/\/www.wieserphoto.de\/wp-content\/uploads\/2023\/03\/tanzen-und-quatschen-1-768x543.jpg 768w, https:\/\/www.wieserphoto.de\/wp-content\/uploads\/2023\/03\/tanzen-und-quatschen-1-1536x1086.jpg 1536w, https:\/\/www.wieserphoto.de\/wp-content\/uploads\/2023\/03\/tanzen-und-quatschen-1-scaled.jpg 1920w\" sizes=\"auto, (max-width: 1024px) 100vw, 1024px\" \/><\/a><figcaption class=\"wp-element-caption\">Quatschen und Tanzen<\/figcaption><\/figure>\n<\/div>\n\n<div class=\"wp-block-image\">\n<figure class=\"aligncenter\"><img decoding=\"async\" src=\"https:\/\/www.wieserphoto.de\/wp-content\/uploads\/2023\/03\/Youssuf-und-George.jpg\" alt=\"\"\/><figcaption class=\"wp-element-caption\">Youssouph und George beim Kochen<\/figcaption><\/figure>\n<\/div>\n\n\n<figure class=\"wp-block-image\"><img decoding=\"async\" src=\"https:\/\/www.wieserphoto.de\/wp-content\/uploads\/2023\/03\/Shaffan-und-Taenzerinnen.jpg\" alt=\"\"\/><figcaption class=\"wp-element-caption\">Schleiertanz mit Bianca und Shaffan<\/figcaption><\/figure>\n\n\n<div class=\"wp-block-image\">\n<figure class=\"aligncenter is-resized\"><img decoding=\"async\" src=\"https:\/\/www.wieserphoto.de\/wp-content\/uploads\/2023\/03\/Sarah-und-die-Trommlerinnen.jpg\" alt=\"\" style=\"width:543px;height:auto\"\/><figcaption class=\"wp-element-caption\">Sarah und die Trommlerinnen<\/figcaption><\/figure>\n<\/div>\n\n<div class=\"wp-block-image\">\n<figure class=\"aligncenter is-resized\"><img decoding=\"async\" src=\"https:\/\/www.wieserphoto.de\/wp-content\/uploads\/2023\/03\/rauchen-und-lachen.jpg\" alt=\"\" style=\"width:552px;height:auto\"\/><figcaption class=\"wp-element-caption\">Rauchen und Lachen<\/figcaption><\/figure>\n<\/div>\n\n<div class=\"wp-block-image\">\n<figure class=\"aligncenter is-resized\"><img decoding=\"async\" src=\"https:\/\/www.wieserphoto.de\/wp-content\/uploads\/2023\/03\/Trommeln-mit-Paul-und-Ebo.jpg\" alt=\"\" style=\"width:575px;height:auto\"\/><figcaption class=\"wp-element-caption\">Paul und Elli. Und Ebo trommelt<\/figcaption><\/figure>\n<\/div>\n\n\n<figure class=\"wp-block-image\"><img decoding=\"async\" src=\"https:\/\/www.wieserphoto.de\/wp-content\/uploads\/2023\/03\/Tischbauer.jpg\" alt=\"\"\/><figcaption class=\"wp-element-caption\">Die Tischebauer<\/figcaption><\/figure>\n\n\n<div class=\"wp-block-image\">\n<figure class=\"aligncenter is-resized\"><img decoding=\"async\" src=\"https:\/\/www.wieserphoto.de\/wp-content\/uploads\/2023\/03\/Der-Bewunderer.jpg\" alt=\"\" style=\"width:656px;height:auto\"\/><figcaption class=\"wp-element-caption\">Der Bewunderer<\/figcaption><\/figure>\n<\/div>\n\n<div class=\"wp-block-image\">\n<figure class=\"aligncenter is-resized\"><img decoding=\"async\" src=\"https:\/\/www.wieserphoto.de\/wp-content\/uploads\/2023\/03\/groofen-und-trommeln.jpg\" alt=\"\" style=\"width:667px;height:auto\"\/><figcaption class=\"wp-element-caption\">Groofen und Trommeln<\/figcaption><\/figure>\n<\/div>\n\n<div class=\"wp-block-image\">\n<figure class=\"aligncenter is-resized\"><img decoding=\"async\" src=\"https:\/\/www.wieserphoto.de\/wp-content\/uploads\/2023\/03\/Bianca-und-die-Damen-1.jpg\" alt=\"\" style=\"width:681px;height:auto\"\/><figcaption class=\"wp-element-caption\">Bianca und die Trommlerinnen<\/figcaption><\/figure>\n<\/div>\n\n\n<p>Das Fotoprojekt wurde in Zusammenarbeit mit dem  soziokulturellen Verein Schwere(s)los realisiert.<\/p>\n\n\n\n<p>Das Projekt wurde 2022 vom Ministerium f\u00fcr Wissenschaft, Forschung und Kunst , Baden-W\u00fcrttemberg  gef\u00f6rdert.<\/p>\n\n\n\n<p><style>\/*! elementor - v3.23.0 - 05-08-2024 *\/<br \/>\n.elementor-widget-image-carousel .swiper,.elementor-widget-image-carousel .swiper-container{position:static}.elementor-widget-image-carousel .swiper-container .swiper-slide figure,.elementor-widget-image-carousel .swiper .swiper-slide figure{line-height:inherit}.elementor-widget-image-carousel .swiper-slide{text-align:center}.elementor-image-carousel-wrapper:not(.swiper-container-initialized):not(.swiper-initialized) .swiper-slide{max-width:calc(100% \/ var(--e-image-carousel-slides-to-show, 3))}<\/style><\/p>\n\n\n\n<p><\/p>\n","protected":false},"excerpt":{"rendered":"<p>Vielfalt leben hei\u00dft Unterschiede willkommen hei\u00dfen. Unterschiede im Alter, den Geschlechtern, der Herkunft und Sprache, den Religionen. &nbsp;Klatschen und Malen Das Fotoprojekt wurde in Zusammenarbeit mit dem soziokulturellen Verein Schwere(s)los realisiert. Das Projekt wurde 2022 vom Ministerium f\u00fcr Wissenschaft, Forschung &hellip; <a href=\"https:\/\/www.wieserphoto.de\/?page_id=1317\">Weiter<\/a><\/p>\n","protected":false},"author":1,"featured_media":0,"parent":0,"menu_order":1,"comment_status":"closed","ping_status":"closed","template":"","meta":{"kt_blocks_editor_width":"","footnotes":""},"class_list":["post-1317","page","type-page","status-publish","hentry"],"_links":{"self":[{"href":"https:\/\/www.wieserphoto.de\/index.php?rest_route=\/wp\/v2\/pages\/1317","targetHints":{"allow":["GET"]}}],"collection":[{"href":"https:\/\/www.wieserphoto.de\/index.php?rest_route=\/wp\/v2\/pages"}],"about":[{"href":"https:\/\/www.wieserphoto.de\/index.php?rest_route=\/wp\/v2\/types\/page"}],"author":[{"embeddable":true,"href":"https:\/\/www.wieserphoto.de\/index.php?rest_route=\/wp\/v2\/users\/1"}],"replies":[{"embeddable":true,"href":"https:\/\/www.wieserphoto.de\/index.php?rest_route=%2Fwp%2Fv2%2Fcomments&post=1317"}],"version-history":[{"count":11,"href":"https:\/\/www.wieserphoto.de\/index.php?rest_route=\/wp\/v2\/pages\/1317\/revisions"}],"predecessor-version":[{"id":1348,"href":"https:\/\/www.wieserphoto.de\/index.php?rest_route=\/wp\/v2\/pages\/1317\/revisions\/1348"}],"wp:attachment":[{"href":"https:\/\/www.wieserphoto.de\/index.php?rest_route=%2Fwp%2Fv2%2Fmedia&parent=1317"}],"curies":[{"name":"wp","href":"https:\/\/api.w.org\/{rel}","templated":true}]}}

<p></p><p></p><p><strong>Vielfalt leben heißt Unterschiede willkommen heißen.</strong></p><strong>Unterschiede im Alter, den Geschlechtern, der Herkunft und Sprache, den Religionen.</strong>



<figure class="wp-block-image size-large"><a href="https://www.wieserphoto.de/wp-content/uploads/2023/03/klatschen-und-malen-1-scaled.jpg"><img loading="lazy" decoding="async" width="1024" height="687" src="https://www.wieserphoto.de/wp-content/uploads/2023/03/klatschen-und-malen-1-1024x687.jpg" alt="" class="wp-image-1312" srcset="https://www.wieserphoto.de/wp-content/uploads/2023/03/klatschen-und-malen-1-1024x687.jpg 1024w, https://www.wieserphoto.de/wp-content/uploads/2023/03/klatschen-und-malen-1-300x201.jpg 300w, https://www.wieserphoto.de/wp-content/uploads/2023/03/klatschen-und-malen-1-768x515.jpg 768w, https://www.wieserphoto.de/wp-content/uploads/2023/03/klatschen-und-malen-1-1536x1031.jpg 1536w, https://www.wieserphoto.de/wp-content/uploads/2023/03/klatschen-und-malen-1-scaled.jpg 1920w" sizes="auto, (max-width: 1024px) 100vw, 1024px" /></a></figure>



<p>&nbsp;Klatschen und Malen</p>



<p><style>/*! elementor - v3.23.0 - 05-08-2024 */<br />
.elementor-widget-image{text-align:center}.elementor-widget-image a{display:inline-block}.elementor-widget-image a img[src$=".svg"]{width:48px}.elementor-widget-image img{vertical-align:middle;display:inline-block}</style></p>


<div class="wp-block-image">
<figure class="aligncenter size-large"><a href="https://www.wieserphoto.de/wp-content/uploads/2023/03/tanzen-und-quatschen-1-scaled.jpg"><img loading="lazy" decoding="async" width="1024" height="724" src="https://www.wieserphoto.de/wp-content/uploads/2023/03/tanzen-und-quatschen-1-1024x724.jpg" alt="" class="wp-image-1311" srcset="https://www.wieserphoto.de/wp-content/uploads/2023/03/tanzen-und-quatschen-1-1024x724.jpg 1024w, https://www.wieserphoto.de/wp-content/uploads/2023/03/tanzen-und-quatschen-1-300x212.jpg 300w, https://www.wieserphoto.de/wp-content/uploads/2023/03/tanzen-und-quatschen-1-768x543.jpg 768w, https://www.wieserphoto.de/wp-content/uploads/2023/03/tanzen-und-quatschen-1-1536x1086.jpg 1536w, https://www.wieserphoto.de/wp-content/uploads/2023/03/tanzen-und-quatschen-1-scaled.jpg 1920w" sizes="auto, (max-width: 1024px) 100vw, 1024px" /></a><figcaption class="wp-element-caption">Quatschen und Tanzen</figcaption></figure>
</div>

<div class="wp-block-image">
<figure class="aligncenter"><img decoding="async" src="https://www.wieserphoto.de/wp-content/uploads/2023/03/Youssuf-und-George.jpg" alt=""/><figcaption class="wp-element-caption">Youssouph und George beim Kochen</figcaption></figure>
</div>


<figure class="wp-block-image"><img decoding="async" src="https://www.wieserphoto.de/wp-content/uploads/2023/03/Shaffan-und-Taenzerinnen.jpg" alt=""/><figcaption class="wp-element-caption">Schleiertanz mit Bianca und Shaffan</figcaption></figure>


<div class="wp-block-image">
<figure class="aligncenter is-resized"><img decoding="async" src="https://www.wieserphoto.de/wp-content/uploads/2023/03/Sarah-und-die-Trommlerinnen.jpg" alt="" style="width:543px;height:auto"/><figcaption class="wp-element-caption">Sarah und die Trommlerinnen</figcaption></figure>
</div>

<div class="wp-block-image">
<figure class="aligncenter is-resized"><img decoding="async" src="https://www.wieserphoto.de/wp-content/uploads/2023/03/rauchen-und-lachen.jpg" alt="" style="width:552px;height:auto"/><figcaption class="wp-element-caption">Rauchen und Lachen</figcaption></figure>
</div>

<div class="wp-block-image">
<figure class="aligncenter is-resized"><img decoding="async" src="https://www.wieserphoto.de/wp-content/uploads/2023/03/Trommeln-mit-Paul-und-Ebo.jpg" alt="" style="width:575px;height:auto"/><figcaption class="wp-element-caption">Paul und Elli. Und Ebo trommelt</figcaption></figure>
</div>


<figure class="wp-block-image"><img decoding="async" src="https://www.wieserphoto.de/wp-content/uploads/2023/03/Tischbauer.jpg" alt=""/><figcaption class="wp-element-caption">Die Tischebauer</figcaption></figure>


<div class="wp-block-image">
<figure class="aligncenter is-resized"><img decoding="async" src="https://www.wieserphoto.de/wp-content/uploads/2023/03/Der-Bewunderer.jpg" alt="" style="width:656px;height:auto"/><figcaption class="wp-element-caption">Der Bewunderer</figcaption></figure>
</div>

<div class="wp-block-image">
<figure class="aligncenter is-resized"><img decoding="async" src="https://www.wieserphoto.de/wp-content/uploads/2023/03/groofen-und-trommeln.jpg" alt="" style="width:667px;height:auto"/><figcaption class="wp-element-caption">Groofen und Trommeln</figcaption></figure>
</div>

<div class="wp-block-image">
<figure class="aligncenter is-resized"><img decoding="async" src="https://www.wieserphoto.de/wp-content/uploads/2023/03/Bianca-und-die-Damen-1.jpg" alt="" style="width:681px;height:auto"/><figcaption class="wp-element-caption">Bianca und die Trommlerinnen</figcaption></figure>
</div>


<p>Das Fotoprojekt wurde in Zusammenarbeit mit dem  soziokulturellen Verein Schwere(s)los realisiert.</p>



<p>Das Projekt wurde 2022 vom Ministerium für Wissenschaft, Forschung und Kunst , Baden-Württemberg  gefördert.</p>



<p><style>/*! elementor - v3.23.0 - 05-08-2024 */<br />
.elementor-widget-image-carousel .swiper,.elementor-widget-image-carousel .swiper-container{position:static}.elementor-widget-image-carousel .swiper-container .swiper-slide figure,.elementor-widget-image-carousel .swiper .swiper-slide figure{line-height:inherit}.elementor-widget-image-carousel .swiper-slide{text-align:center}.elementor-image-carousel-wrapper:not(.swiper-container-initialized):not(.swiper-initialized) .swiper-slide{max-width:calc(100% / var(--e-image-carousel-slides-to-show, 3))}</style></p>



<p></p>

<p>Vielfalt leben heißt Unterschiede willkommen heißen. Unterschiede im Alter, den Geschlechtern, der Herkunft und Sprache, den Religionen. &nbsp;Klatschen und Malen Das Fotoprojekt wurde in Zusammenarbeit mit dem soziokulturellen Verein Schwere(s)los realisiert. Das Projekt wurde 2022 vom Ministerium für Wissenschaft, Forschung &hellip; <a href="https://www.wieserphoto.de/?page_id=1317">Weiter</a></p>
