{"id":1094,"date":"2017-08-29T18:28:52","date_gmt":"2017-08-29T16:28:52","guid":{"rendered":"http:\/\/www.wieserphoto.de\/?page_id=1094"},"modified":"2026-01-07T18:18:38","modified_gmt":"2026-01-07T16:18:38","slug":"ueber-mich-about-me","status":"publish","type":"page","link":"https:\/\/www.wieserphoto.de\/?page_id=1094","title":{"rendered":"\u00dcber mich &#8211; Kontakt \/ About me &#8211; Contact"},"content":{"rendered":"<p><img loading=\"lazy\" decoding=\"async\" width=\"375\" height=\"500\" src=\"https:\/\/www.wieserphoto.de\/wp-content\/uploads\/2017\/08\/CIMG2710.jpg\" alt=\"\" srcset=\"https:\/\/www.wieserphoto.de\/wp-content\/uploads\/2017\/08\/CIMG2710.jpg 375w, https:\/\/www.wieserphoto.de\/wp-content\/uploads\/2017\/08\/CIMG2710-225x300.jpg 225w\" sizes=\"auto, (max-width: 375px) 100vw, 375px\" \/>\t\t\t\t\t\t\t\t\t\t\t\t\t\t\t<\/p>\n<p>Ich fotografiere seit ich 17 bin.<\/p>\n<p>Sp\u00e4ter studierte ich an der Hochschule der K\u00fcnste, Berlin.<\/p>\n<p>Mich interessiert es, mittels des Mediums Fotografie meine Wahrnehmung von der Verwobenheit der Welt zum Ausdruck zu bringen.<\/p>\n<p>Mittels Spiegelungen, mittels Bokeh und unscharfen Bildern versuche ich mehr von der Wirklichkeit zu zeigen, als auf einen Blick fassbar ist.<\/p>\n<p>Meine Fotografien wurden in diversen Ausstellungen in Dublin, London und Freiburg gezeigt.<\/p>\n<p>Die Bilder k\u00f6nnen in Gr\u00f6\u00dfen bis DIN A2 und auf jedem Material gedruckt werden. Preise auf Anfrage.<\/p>\n<p>Kontakt: 00(49)761-27 24 10 oder u_wieser@yahoo.de<\/p>\n<p>\u00a0<\/p>\n<p>\u00a0<\/p>\n<p style=\"text-align: right;\">I take fotographs since I&#8217;m seventeen. Later on I studied at the University of Art, Berlin. <\/p>\n<p style=\"text-align: right;\">With the medium fotography I try to express my perception of the contextuality of the world. <\/p>\n<p style=\"text-align: right;\">Working with reflection, with Bokeh and with blurred pictures I try to realize my intentions.<\/p>\n<p style=\"text-align: right;\">My photographs had been exhibited in Dublin, London and Freiburg.<\/p>\n<p style=\"text-align: right;\">Pictures can be printed up to a size of 23&#8242; x 16&#8242; and on any material.<\/p>\n<p style=\"text-align: right;\">Prices on request.<\/p>\n<p style=\"text-align: right;\">Contact: u_wieser@yahoo.de<\/p>\n","protected":false},"excerpt":{"rendered":"<p>Ich fotografiere seit ich 17 bin. Sp\u00e4ter studierte ich an der Hochschule der K\u00fcnste, Berlin. Mich interessiert es, mittels des Mediums Fotografie meine Wahrnehmung von der Verwobenheit der Welt zum Ausdruck zu bringen. Mittels Spiegelungen, mittels Bokeh und unscharfen Bildern &hellip; <a href=\"https:\/\/www.wieserphoto.de\/?page_id=1094\">Weiter<\/a><\/p>\n","protected":false},"author":1,"featured_media":0,"parent":0,"menu_order":0,"comment_status":"closed","ping_status":"closed","template":"","meta":{"kt_blocks_editor_width":"","footnotes":""},"class_list":["post-1094","page","type-page","status-publish","hentry"],"_links":{"self":[{"href":"https:\/\/www.wieserphoto.de\/index.php?rest_route=\/wp\/v2\/pages\/1094","targetHints":{"allow":["GET"]}}],"collection":[{"href":"https:\/\/www.wieserphoto.de\/index.php?rest_route=\/wp\/v2\/pages"}],"about":[{"href":"https:\/\/www.wieserphoto.de\/index.php?rest_route=\/wp\/v2\/types\/page"}],"author":[{"embeddable":true,"href":"https:\/\/www.wieserphoto.de\/index.php?rest_route=\/wp\/v2\/users\/1"}],"replies":[{"embeddable":true,"href":"https:\/\/www.wieserphoto.de\/index.php?rest_route=%2Fwp%2Fv2%2Fcomments&post=1094"}],"version-history":[{"count":24,"href":"https:\/\/www.wieserphoto.de\/index.php?rest_route=\/wp\/v2\/pages\/1094\/revisions"}],"predecessor-version":[{"id":1407,"href":"https:\/\/www.wieserphoto.de\/index.php?rest_route=\/wp\/v2\/pages\/1094\/revisions\/1407"}],"wp:attachment":[{"href":"https:\/\/www.wieserphoto.de\/index.php?rest_route=%2Fwp%2Fv2%2Fmedia&parent=1094"}],"curies":[{"name":"wp","href":"https:\/\/api.w.org\/{rel}","templated":true}]}}

Über mich &#8211; Kontakt / About me &#8211; Contact

<p><img loading="lazy" decoding="async" width="375" height="500" src="https://www.wieserphoto.de/wp-content/uploads/2017/08/CIMG2710.jpg" alt="" srcset="https://www.wieserphoto.de/wp-content/uploads/2017/08/CIMG2710.jpg 375w, https://www.wieserphoto.de/wp-content/uploads/2017/08/CIMG2710-225x300.jpg 225w" sizes="auto, (max-width: 375px) 100vw, 375px" />															</p>
<p>Ich fotografiere seit ich 17 bin.</p>
<p>Später studierte ich an der Hochschule der Künste, Berlin.</p>
<p>Mich interessiert es, mittels des Mediums Fotografie meine Wahrnehmung von der Verwobenheit der Welt zum Ausdruck zu bringen.</p>
<p>Mittels Spiegelungen, mittels Bokeh und unscharfen Bildern versuche ich mehr von der Wirklichkeit zu zeigen, als auf einen Blick fassbar ist.</p>
<p>Meine Fotografien wurden in diversen Ausstellungen in Dublin, London und Freiburg gezeigt.</p>
<p>Die Bilder können in Größen bis DIN A2 und auf jedem Material gedruckt werden. Preise auf Anfrage.</p>
<p>Kontakt: 00(49)761-27 24 10 oder u_wieser@yahoo.de</p>
<p> </p>
<p> </p>
<p style="text-align: right;">I take fotographs since I&#8217;m seventeen. Later on I studied at the University of Art, Berlin. </p>
<p style="text-align: right;">With the medium fotography I try to express my perception of the contextuality of the world. </p>
<p style="text-align: right;">Working with reflection, with Bokeh and with blurred pictures I try to realize my intentions.</p>
<p style="text-align: right;">My photographs had been exhibited in Dublin, London and Freiburg.</p>
<p style="text-align: right;">Pictures can be printed up to a size of 23&#8242; x 16&#8242; and on any material.</p>
<p style="text-align: right;">Prices on request.</p>
<p style="text-align: right;">Contact: u_wieser@yahoo.de</p>

<p>Ich fotografiere seit ich 17 bin. Später studierte ich an der Hochschule der Künste, Berlin. Mich interessiert es, mittels des Mediums Fotografie meine Wahrnehmung von der Verwobenheit der Welt zum Ausdruck zu bringen. Mittels Spiegelungen, mittels Bokeh und unscharfen Bildern &hellip; <a href="https://www.wieserphoto.de/?page_id=1094">Weiter</a></p>
