{"id":10,"date":"2013-12-10T01:28:53","date_gmt":"2013-12-09T23:28:53","guid":{"rendered":"http:\/\/www.wieserphoto.de\/?page_id=10"},"modified":"2026-01-07T17:50:34","modified_gmt":"2026-01-07T15:50:34","slug":"beauty-of-decay","status":"publish","type":"page","link":"https:\/\/www.wieserphoto.de\/?page_id=10","title":{"rendered":"Beauty of Decay"},"content":{"rendered":"<p>&nbsp;<\/p>\n<h2 style=\"text-align: center;\"><a href=\"http:\/\/www.wieserphoto.de\/wp-content\/uploads\/2013\/11\/zerkratzte-Metallwand.jpg\"><img loading=\"lazy\" decoding=\"async\" class=\"aligncenter size-medium wp-image-147\" src=\"http:\/\/www.wieserphoto.de\/wp-content\/uploads\/2013\/11\/zerkratzte-Metallwand-300x224.jpg\" alt=\"zerkratzte Metallwand\" width=\"356\" height=\"267\" srcset=\"https:\/\/www.wieserphoto.de\/wp-content\/uploads\/2013\/11\/zerkratzte-Metallwand-300x224.jpg 300w, https:\/\/www.wieserphoto.de\/wp-content\/uploads\/2013\/11\/zerkratzte-Metallwand.jpg 827w\" sizes=\"auto, (max-width: 356px) 100vw, 356px\" \/><\/a><\/h2>\n<p>&nbsp;<\/p>\n<h2 style=\"text-align: center;\">Die Sch\u00f6nheit des Verfalls<\/h2>\n<p style=\"text-align: center;\">Dem Verfall, dem gezeichnet sein durch die Zeit, den gelebten, verbrauchten, benutzten Objekten wohnt ein Zauber inne.<\/p>\n<p style=\"text-align: center;\">Die Patina des Lebens &#8211; sei es das Alter, Wind und Wetter, chemische Prozesse oder einfach die Zeit &#8211;<\/p>\n<p style=\"text-align: center;\">nimmt den Gegenst\u00e4nden und auch den Menschen ihre H\u00e4rte und verleiht ihnen daf\u00fcr Plastizit\u00e4t, eine belebtere Oberfl\u00e4che und eine gr\u00f6\u00dfere Tiefe.<\/p>\n<p style=\"text-align: center;\">\n<h3 style=\"text-align: center;\"><span style=\"color: #808000;\">Beauty of Decay<\/span><\/h3>\n<p style=\"text-align: center;\"><span style=\"color: #808000;\">Objects marked by time, life, being used and being worn out possess a very own charm. <\/span><\/p>\n<p style=\"text-align: center;\"><span style=\"color: #808000;\">Patina of life &#8211; be it the old age, wind and wheather, chemical processes or just time itself &#8211; takes the harshness of objects and of people, too<\/span><\/p>\n<p style=\"text-align: center;\"><span style=\"color: #808000;\">and awards them with a lievlier plasticity and a greater depth.<\/span><\/p>\n<p style=\"text-align: center;\">\n<p style=\"text-align: center;\"><a href=\"http:\/\/www.wieserphoto.de\/wp-content\/uploads\/2013\/11\/nasse-Plastikfolie.jpg\"><img loading=\"lazy\" decoding=\"async\" class=\"aligncenter size-medium wp-image-157\" src=\"http:\/\/www.wieserphoto.de\/wp-content\/uploads\/2013\/11\/nasse-Plastikfolie-300x224.jpg\" alt=\"nasse Plastikfolie\" width=\"300\" height=\"224\" srcset=\"https:\/\/www.wieserphoto.de\/wp-content\/uploads\/2013\/11\/nasse-Plastikfolie-300x224.jpg 300w, https:\/\/www.wieserphoto.de\/wp-content\/uploads\/2013\/11\/nasse-Plastikfolie.jpg 827w\" sizes=\"auto, (max-width: 300px) 100vw, 300px\" \/><\/a><\/p>\n<p style=\"text-align: center;\"><a href=\"http:\/\/www.wieserphoto.de\/wp-content\/uploads\/2013\/11\/verschimmelte-Frucht.jpg\"><img loading=\"lazy\" decoding=\"async\" class=\"aligncenter size-medium wp-image-153\" src=\"http:\/\/www.wieserphoto.de\/wp-content\/uploads\/2013\/11\/verschimmelte-Frucht-240x300.jpg\" alt=\"verschimmelte Frucht\" width=\"240\" height=\"300\" srcset=\"https:\/\/www.wieserphoto.de\/wp-content\/uploads\/2013\/11\/verschimmelte-Frucht-240x300.jpg 240w, https:\/\/www.wieserphoto.de\/wp-content\/uploads\/2013\/11\/verschimmelte-Frucht-819x1024.jpg 819w, https:\/\/www.wieserphoto.de\/wp-content\/uploads\/2013\/11\/verschimmelte-Frucht.jpg 827w\" sizes=\"auto, (max-width: 240px) 100vw, 240px\" \/><\/a><\/p>\n<p style=\"text-align: center;\"><a href=\"http:\/\/www.wieserphoto.de\/wp-content\/uploads\/2013\/11\/vermoste-Kinderfigur.jpg\"><img loading=\"lazy\" decoding=\"async\" class=\"aligncenter size-medium wp-image-151\" src=\"http:\/\/www.wieserphoto.de\/wp-content\/uploads\/2013\/11\/vermoste-Kinderfigur-239x300.jpg\" alt=\"vermoste Kinderfigur\" width=\"239\" height=\"300\" srcset=\"https:\/\/www.wieserphoto.de\/wp-content\/uploads\/2013\/11\/vermoste-Kinderfigur-239x300.jpg 239w, https:\/\/www.wieserphoto.de\/wp-content\/uploads\/2013\/11\/vermoste-Kinderfigur.jpg 661w\" sizes=\"auto, (max-width: 239px) 100vw, 239px\" \/><\/a><\/p>\n<p style=\"text-align: center;\"><a href=\"http:\/\/www.wieserphoto.de\/wp-content\/uploads\/2013\/11\/Stoffschlauch-auf-Baustelle.jpg\"><img loading=\"lazy\" decoding=\"async\" class=\"aligncenter size-medium wp-image-149\" src=\"http:\/\/www.wieserphoto.de\/wp-content\/uploads\/2013\/11\/Stoffschlauch-auf-Baustelle-300x224.jpg\" alt=\"Stoffschlauch auf Baustelle\" width=\"300\" height=\"224\" srcset=\"https:\/\/www.wieserphoto.de\/wp-content\/uploads\/2013\/11\/Stoffschlauch-auf-Baustelle-300x224.jpg 300w, https:\/\/www.wieserphoto.de\/wp-content\/uploads\/2013\/11\/Stoffschlauch-auf-Baustelle.jpg 827w\" sizes=\"auto, (max-width: 300px) 100vw, 300px\" \/><\/a><\/p>\n<p style=\"text-align: center;\"><a href=\"http:\/\/www.wieserphoto.de\/wp-content\/uploads\/2013\/11\/verrosteter-Fu\u00df-einer-Bank.jpg\"><img loading=\"lazy\" decoding=\"async\" class=\"aligncenter size-medium wp-image-150\" src=\"http:\/\/www.wieserphoto.de\/wp-content\/uploads\/2013\/11\/verrosteter-Fu\u00df-einer-Bank-300x224.jpg\" alt=\"verrosteter Fu\u00df einer Bank\" width=\"300\" height=\"224\" srcset=\"https:\/\/www.wieserphoto.de\/wp-content\/uploads\/2013\/11\/verrosteter-Fu\u00df-einer-Bank-300x224.jpg 300w, https:\/\/www.wieserphoto.de\/wp-content\/uploads\/2013\/11\/verrosteter-Fu\u00df-einer-Bank.jpg 827w\" sizes=\"auto, (max-width: 300px) 100vw, 300px\" \/><\/a><\/p>\n","protected":false},"excerpt":{"rendered":"<p>&nbsp; &nbsp; Die Sch\u00f6nheit des Verfalls Dem Verfall, dem gezeichnet sein durch die Zeit, den gelebten, verbrauchten, benutzten Objekten wohnt ein Zauber inne. Die Patina des Lebens &#8211; sei es das Alter, Wind und Wetter, chemische Prozesse oder einfach die &hellip; <a href=\"https:\/\/www.wieserphoto.de\/?page_id=10\">Weiter<\/a><\/p>\n","protected":false},"author":1,"featured_media":147,"parent":884,"menu_order":2,"comment_status":"open","ping_status":"closed","template":"page-portfolio.php","meta":{"kt_blocks_editor_width":"","footnotes":""},"class_list":["post-10","page","type-page","status-publish","has-post-thumbnail","hentry"],"_links":{"self":[{"href":"https:\/\/www.wieserphoto.de\/index.php?rest_route=\/wp\/v2\/pages\/10","targetHints":{"allow":["GET"]}}],"collection":[{"href":"https:\/\/www.wieserphoto.de\/index.php?rest_route=\/wp\/v2\/pages"}],"about":[{"href":"https:\/\/www.wieserphoto.de\/index.php?rest_route=\/wp\/v2\/types\/page"}],"author":[{"embeddable":true,"href":"https:\/\/www.wieserphoto.de\/index.php?rest_route=\/wp\/v2\/users\/1"}],"replies":[{"embeddable":true,"href":"https:\/\/www.wieserphoto.de\/index.php?rest_route=%2Fwp%2Fv2%2Fcomments&post=10"}],"version-history":[{"count":23,"href":"https:\/\/www.wieserphoto.de\/index.php?rest_route=\/wp\/v2\/pages\/10\/revisions"}],"predecessor-version":[{"id":1061,"href":"https:\/\/www.wieserphoto.de\/index.php?rest_route=\/wp\/v2\/pages\/10\/revisions\/1061"}],"up":[{"embeddable":true,"href":"https:\/\/www.wieserphoto.de\/index.php?rest_route=\/wp\/v2\/pages\/884"}],"wp:featuredmedia":[{"embeddable":true,"href":"https:\/\/www.wieserphoto.de\/index.php?rest_route=\/wp\/v2\/media\/147"}],"wp:attachment":[{"href":"https:\/\/www.wieserphoto.de\/index.php?rest_route=%2Fwp%2Fv2%2Fmedia&parent=10"}],"curies":[{"name":"wp","href":"https:\/\/api.w.org\/{rel}","templated":true}]}}

<p>&nbsp;</p>
<h2 style="text-align: center;"><a href="http://www.wieserphoto.de/wp-content/uploads/2013/11/zerkratzte-Metallwand.jpg"><img loading="lazy" decoding="async" class="aligncenter size-medium wp-image-147" src="http://www.wieserphoto.de/wp-content/uploads/2013/11/zerkratzte-Metallwand-300x224.jpg" alt="zerkratzte Metallwand" width="356" height="267" srcset="https://www.wieserphoto.de/wp-content/uploads/2013/11/zerkratzte-Metallwand-300x224.jpg 300w, https://www.wieserphoto.de/wp-content/uploads/2013/11/zerkratzte-Metallwand.jpg 827w" sizes="auto, (max-width: 356px) 100vw, 356px" /></a></h2>
<p>&nbsp;</p>
<h2 style="text-align: center;">Die Schönheit des Verfalls</h2>
<p style="text-align: center;">Dem Verfall, dem gezeichnet sein durch die Zeit, den gelebten, verbrauchten, benutzten Objekten wohnt ein Zauber inne.</p>
<p style="text-align: center;">Die Patina des Lebens &#8211; sei es das Alter, Wind und Wetter, chemische Prozesse oder einfach die Zeit &#8211;</p>
<p style="text-align: center;">nimmt den Gegenständen und auch den Menschen ihre Härte und verleiht ihnen dafür Plastizität, eine belebtere Oberfläche und eine größere Tiefe.</p>
<p style="text-align: center;">
<h3 style="text-align: center;"><span style="color: #808000;">Beauty of Decay</span></h3>
<p style="text-align: center;"><span style="color: #808000;">Objects marked by time, life, being used and being worn out possess a very own charm. </span></p>
<p style="text-align: center;"><span style="color: #808000;">Patina of life &#8211; be it the old age, wind and wheather, chemical processes or just time itself &#8211; takes the harshness of objects and of people, too</span></p>
<p style="text-align: center;"><span style="color: #808000;">and awards them with a lievlier plasticity and a greater depth.</span></p>
<p style="text-align: center;">
<p style="text-align: center;"><a href="http://www.wieserphoto.de/wp-content/uploads/2013/11/nasse-Plastikfolie.jpg"><img loading="lazy" decoding="async" class="aligncenter size-medium wp-image-157" src="http://www.wieserphoto.de/wp-content/uploads/2013/11/nasse-Plastikfolie-300x224.jpg" alt="nasse Plastikfolie" width="300" height="224" srcset="https://www.wieserphoto.de/wp-content/uploads/2013/11/nasse-Plastikfolie-300x224.jpg 300w, https://www.wieserphoto.de/wp-content/uploads/2013/11/nasse-Plastikfolie.jpg 827w" sizes="auto, (max-width: 300px) 100vw, 300px" /></a></p>
<p style="text-align: center;"><a href="http://www.wieserphoto.de/wp-content/uploads/2013/11/verschimmelte-Frucht.jpg"><img loading="lazy" decoding="async" class="aligncenter size-medium wp-image-153" src="http://www.wieserphoto.de/wp-content/uploads/2013/11/verschimmelte-Frucht-240x300.jpg" alt="verschimmelte Frucht" width="240" height="300" srcset="https://www.wieserphoto.de/wp-content/uploads/2013/11/verschimmelte-Frucht-240x300.jpg 240w, https://www.wieserphoto.de/wp-content/uploads/2013/11/verschimmelte-Frucht-819x1024.jpg 819w, https://www.wieserphoto.de/wp-content/uploads/2013/11/verschimmelte-Frucht.jpg 827w" sizes="auto, (max-width: 240px) 100vw, 240px" /></a></p>
<p style="text-align: center;"><a href="http://www.wieserphoto.de/wp-content/uploads/2013/11/vermoste-Kinderfigur.jpg"><img loading="lazy" decoding="async" class="aligncenter size-medium wp-image-151" src="http://www.wieserphoto.de/wp-content/uploads/2013/11/vermoste-Kinderfigur-239x300.jpg" alt="vermoste Kinderfigur" width="239" height="300" srcset="https://www.wieserphoto.de/wp-content/uploads/2013/11/vermoste-Kinderfigur-239x300.jpg 239w, https://www.wieserphoto.de/wp-content/uploads/2013/11/vermoste-Kinderfigur.jpg 661w" sizes="auto, (max-width: 239px) 100vw, 239px" /></a></p>
<p style="text-align: center;"><a href="http://www.wieserphoto.de/wp-content/uploads/2013/11/Stoffschlauch-auf-Baustelle.jpg"><img loading="lazy" decoding="async" class="aligncenter size-medium wp-image-149" src="http://www.wieserphoto.de/wp-content/uploads/2013/11/Stoffschlauch-auf-Baustelle-300x224.jpg" alt="Stoffschlauch auf Baustelle" width="300" height="224" srcset="https://www.wieserphoto.de/wp-content/uploads/2013/11/Stoffschlauch-auf-Baustelle-300x224.jpg 300w, https://www.wieserphoto.de/wp-content/uploads/2013/11/Stoffschlauch-auf-Baustelle.jpg 827w" sizes="auto, (max-width: 300px) 100vw, 300px" /></a></p>
<p style="text-align: center;"><a href="http://www.wieserphoto.de/wp-content/uploads/2013/11/verrosteter-Fuß-einer-Bank.jpg"><img loading="lazy" decoding="async" class="aligncenter size-medium wp-image-150" src="http://www.wieserphoto.de/wp-content/uploads/2013/11/verrosteter-Fuß-einer-Bank-300x224.jpg" alt="verrosteter Fuß einer Bank" width="300" height="224" srcset="https://www.wieserphoto.de/wp-content/uploads/2013/11/verrosteter-Fuß-einer-Bank-300x224.jpg 300w, https://www.wieserphoto.de/wp-content/uploads/2013/11/verrosteter-Fuß-einer-Bank.jpg 827w" sizes="auto, (max-width: 300px) 100vw, 300px" /></a></p>

<p>&nbsp; &nbsp; Die Schönheit des Verfalls Dem Verfall, dem gezeichnet sein durch die Zeit, den gelebten, verbrauchten, benutzten Objekten wohnt ein Zauber inne. Die Patina des Lebens &#8211; sei es das Alter, Wind und Wetter, chemische Prozesse oder einfach die &hellip; <a href="https://www.wieserphoto.de/?page_id=10">Weiter</a></p>
